{"id":157,"date":"2016-02-16T21:26:27","date_gmt":"2016-02-17T03:26:27","guid":{"rendered":"http:\/\/www.dondecomer.com.mx\/cancun\/?page_id=157"},"modified":"2016-03-17T19:50:06","modified_gmt":"2016-03-18T01:50:06","slug":"contactos","status":"publish","type":"page","link":"https:\/\/www.dondecomer.com.mx\/cancun\/contactos\/","title":{"rendered":"Contactos"},"content":{"rendered":"<p>CONTACTOS PRINCIPALES:<\/p>\n<p>Atenci\u00f3n a Clientes <a href=\"mailto:atencionaclientes@dondecomer.com.mx\" target=\"_blank\">atencionaclientes@dondecomer.com.mx<\/a><\/p>\n<p>Informaci\u00f3n <a href=\"mailto:info@dondecomer.com.mx\" target=\"_blank\">info@dondecomer.com.mx<\/a><\/p>\n<p>Comentarios y Recomendaciones <a href=\"mailto:tuopinion@dondecomer.com.mx\" target=\"_blank\">tuopinion@dondecomer.com.mx<\/a><\/p>\n<p>Anuncios\u00a0\u00a0 <a href=\"mailto:anuncios@dondecomer.com.mx\" target=\"_blank\">anuncios@dondecomer.com.mx<\/a><\/p>\n<p>POR CIUDAD<\/p>\n<p>Acapulco <a href=\"mailto:acapulco@dondecomer.com.mx\" target=\"_blank\">acapulco@dondecomer.com.mx<\/a><\/p>\n<p>Canc\u00fan y Playa del Carmen\u00a0 <a href=\"mailto:cancun@dondecomer.com.mx\" target=\"_blank\">cancun@dondecomer.com.mx<\/a><\/p>\n<p>Cuernavaca <a href=\"mailto:cuernavaca@dondecomer.com.mx\" target=\"_blank\">cuernavaca@dondecomer.com.mx<\/a><\/p>\n<p>Guadalajara <a href=\"mailto:guadalajara@dondecomer.com.mx\" target=\"_blank\">guadalajara@dondecomer.com.mx<\/a><\/p>\n<p>Huatulco y Puerto Escondido <a href=\"mailto:huatulco@dondecomer.com.mx\" target=\"_blank\">huatulco@dondecomer.com.mx<\/a><\/p>\n<p>Le\u00f3n <a href=\"mailto:leon@dondecomer.com.mx\" target=\"_blank\">leon@dondecomer.com.mx<\/a><\/p>\n<p>Los Cabos y La Paz <a href=\"mailto:loscabos@dondecomer.com.mx\" target=\"_blank\">loscabos@dondecomer.com.mx<\/a><\/p>\n<p>M\u00e9rida <a href=\"mailto:merida@dondecomer.com.mx\" target=\"_blank\">merida@dondecomer.com.mx<\/a><\/p>\n<p>Ciudad de M\u00e9xico y Area Metropolitana <a href=\"mailto:mexico@dondecomer.com.mx\" target=\"_blank\">mexico@dondecomer.com.mx<\/a><\/p>\n<p>Monterrey\u00a0 <a href=\"mailto:monterrey@dondecomer.com.mx\" target=\"_blank\">monterrey@dondecomer.com.mx<\/a><\/p>\n<p>Morelia\u00a0 <a href=\"mailto:morelia@dondecomer.com.mx\" target=\"_blank\">morelia@dondecomer.com.mx<\/a><\/p>\n<p>Pachuca\u00a0 <a href=\"mailto:pachuca@dondecomer.com.mx\" target=\"_blank\">pachuca@dondecomer.com.mx<\/a><\/p>\n<p>Puebla <a href=\"mailto:puebla@dondecomer.com.mx\" target=\"_blank\">puebla@dondecomer.com.mx<\/a><\/p>\n<p>Puerto Vallarta <a href=\"mailto:vallarta@dondecomer.com.mx\" target=\"_blank\">vallarta@dondecomer.com.mx<\/a><\/p>\n<p>Quer\u00e9taro\u00a0 <a href=\"mailto:queretaro@dondecomer.com.mx\" target=\"_blank\">queretaro@dondecomer.com.mx<\/a><\/p>\n<p>Tijuana <a href=\"mailto:tijuana@dondecomer.com.mx\" target=\"_blank\">tijuana@dondecomer.com.mx<\/a><\/p>\n<p>Toluca y Metepec\u00a0 <a href=\"mailto:toluca@dondecomer.com.mx\" target=\"_blank\">toluca@dondecomer.com.mx<\/a><\/p>\n<p>&nbsp;<\/p>\n<form accept-charset=\"UTF-8\" action=\"https:\/\/gateway.payulatam.com\/ppp-web-gateway\/pb.zul\" method=\"post\"><input name=\"referenceCode\" type=\"hidden\" value=\"dcpagoplanes10\" \/><br \/>\n<input name=\"amount\" type=\"hidden\" value=\"290.00\" \/><br \/>\n<input name=\"tax\" type=\"hidden\" value=\"0.00\" \/><br \/>\n<input name=\"taxReturnBase\" type=\"hidden\" value=\"0\" \/><br \/>\n<input name=\"currency\" type=\"hidden\" value=\"MXN\" \/><br \/>\n<input name=\"lng\" type=\"hidden\" value=\"es\" \/><br \/>\n<input id=\"urlOrigen\" name=\"sourceUrl\" type=\"hidden\" value=\"\" \/><br \/>\n<input name=\"buttonType\" type=\"hidden\" value=\"SIMPLE\" \/><br \/>\n<input name=\"signature\" type=\"hidden\" value=\"f1fafbd982518a077a9a7f5ae9fcd169d494ac6a26aed202907c6dd722e8a108\" \/><\/form>\n<div style=\"margin: 20px 0;\"><div class=\"qrcswholewtapper\" style=\"text-align:left;\"><div class=\"qrcprowrapper\"  id=\"qrcwraa2leds\"><div class=\"qrc_canvass\" id=\"qrc_cuttenpages_2\" style=\"display:inline-block\" data-text=\"https:\/\/www.dondecomer.com.mx\/cancun\/contactos\/\"><\/div><div><a download=\"Contactos.png\" class=\"qrcdownloads\" id=\"worign\">\r\n           <button type=\"button\" style=\"min-width:200px;background:#dddddd;color:#000;font-weight: 600;border: 1px solid #dddddd;border-radius:4px;font-size:12px;padding: 6px 0;\" class=\"uqr_code_btn\">Download QR<\/button>\r\n           <\/a><\/div><\/div><\/div><\/div>","protected":false},"excerpt":{"rendered":"<p>CONTACTOS PRINCIPALES: Atenci\u00f3n a Clientes atencionaclientes@dondecomer.com.mx Informaci\u00f3n info@dondecomer.com.mx Comentarios y Recomendaciones tuopinion@dondecomer.com.mx Anuncios\u00a0\u00a0 anuncios@dondecomer.com.mx POR CIUDAD Acapulco acapulco@dondecomer.com.mx Canc\u00fan y Playa del Carmen\u00a0 cancun@dondecomer.com.mx Cuernavaca cuernavaca@dondecomer.com.mx Guadalajara guadalajara@dondecomer.com.mx Huatulco y Puerto Escondido huatulco@dondecomer.com.mx Le\u00f3n leon@dondecomer.com.mx Los Cabos y La Paz loscabos@dondecomer.com.mx M\u00e9rida merida@dondecomer.com.mx Ciudad de M\u00e9xico y Area Metropolitana mexico@dondecomer.com.mx Monterrey\u00a0 monterrey@dondecomer.com.mx Morelia\u00a0 morelia@dondecomer.com.mx Pachuca\u00a0 [&hellip;]<\/p>\n","protected":false},"author":1,"featured_media":0,"parent":0,"menu_order":0,"comment_status":"closed","ping_status":"closed","template":"","meta":{"_et_pb_use_builder":"","_et_pb_old_content":"","_et_gb_content_width":"","pmpro_default_level":"","footnotes":""},"class_list":["post-157","page","type-page","status-publish","hentry","pmpro-has-access"],"_links":{"self":[{"href":"https:\/\/www.dondecomer.com.mx\/cancun\/wp-json\/wp\/v2\/pages\/157","targetHints":{"allow":["GET"]}}],"collection":[{"href":"https:\/\/www.dondecomer.com.mx\/cancun\/wp-json\/wp\/v2\/pages"}],"about":[{"href":"https:\/\/www.dondecomer.com.mx\/cancun\/wp-json\/wp\/v2\/types\/page"}],"author":[{"embeddable":true,"href":"https:\/\/www.dondecomer.com.mx\/cancun\/wp-json\/wp\/v2\/users\/1"}],"replies":[{"embeddable":true,"href":"https:\/\/www.dondecomer.com.mx\/cancun\/wp-json\/wp\/v2\/comments?post=157"}],"version-history":[{"count":0,"href":"https:\/\/www.dondecomer.com.mx\/cancun\/wp-json\/wp\/v2\/pages\/157\/revisions"}],"wp:attachment":[{"href":"https:\/\/www.dondecomer.com.mx\/cancun\/wp-json\/wp\/v2\/media?parent=157"}],"curies":[{"name":"wp","href":"https:\/\/api.w.org\/{rel}","templated":true}]}}